{"id":308,"date":"2021-04-14T07:40:39","date_gmt":"2021-04-14T06:40:39","guid":{"rendered":"https:\/\/webaccess.mgw4u.de\/wordpress\/?page_id=308"},"modified":"2025-04-21T17:52:15","modified_gmt":"2025-04-21T15:52:15","slug":"seelsorge-mentoring","status":"publish","type":"page","link":"https:\/\/missionsgemeinde.de\/wordpress\/?page_id=308","title":{"rendered":"Seelsorge"},"content":{"rendered":"\n\n\n<div class=\"wp-block-columns is-layout-flex wp-container-core-columns-is-layout-28f84493 wp-block-columns-is-layout-flex\">\n<div class=\"wp-block-column is-layout-flow wp-block-column-is-layout-flow\">\n<p>Ver\u00e4nderungen, Probleme, Krisen etc. fordern uns heute mehr denn je in allen Lebenslagen heraus.<br><br><\/p>\n\n\n\n<p>Unser Seelsorgeangebot unterst\u00fctzt unter anderem bei\u2026.<br>\u2022 Glaubens- und Lebensfragen<br>\u2022 Ehe- und Familienproblemen<br>\u2022 \u00c4ngsten<br>\u2022 Identit\u00e4tskrisen<br>\u2022 Trauerprozessen<br>\u2022 Ehevorbereitung und Ehebegleitung<\/p>\n<\/div>\n\n\n\n<div class=\"wp-block-column is-layout-flow wp-block-column-is-layout-flow\">\n<figure class=\"wp-block-image size-full is-resized\"><img loading=\"lazy\" decoding=\"async\" width=\"332\" height=\"240\" src=\"https:\/\/missionsgemeinde.de\/wordpress\/wp-content\/uploads\/2021\/04\/photo-1501228190504-e66c6b09e45b-mentoring_beschn.jpg\" alt=\"\" class=\"wp-image-496\" style=\"width:397px;height:287px\" srcset=\"https:\/\/missionsgemeinde.de\/wordpress\/wp-content\/uploads\/2021\/04\/photo-1501228190504-e66c6b09e45b-mentoring_beschn.jpg 332w, https:\/\/missionsgemeinde.de\/wordpress\/wp-content\/uploads\/2021\/04\/photo-1501228190504-e66c6b09e45b-mentoring_beschn-300x217.jpg 300w\" sizes=\"auto, (max-width: 332px) 100vw, 332px\" \/><\/figure>\n<\/div>\n<\/div>\n\n\n\n<p>Ziel der Seelsorge ist es, Menschen zu helfen, wieder in ihre urspr\u00fcngliche Bestimmung zur\u00fcckzufinden: eine heile Beziehung zu Gott, zu sich selbst und zu den Menschen.<br>Wir haben in unserem Team geschulte und erfahrene SeelsorgerInnen. F\u00fcr weitere Fragen und n\u00e4here Infos steht Sylvia Scharpf Euch unter dieser Adresse gerne zur Verf\u00fcgung: <a href=\"mailto:sum@missionsgemeinde.de\"><strong><mark style=\"background-color:rgba(0, 0, 0, 0)\" class=\"has-inline-color has-accent-3-color\">sum@missionsgemeinde.de<\/mark><\/strong><\/a><\/p>\n\n\n\n<div style=\"height:100px\" aria-hidden=\"true\" class=\"wp-block-spacer\"><\/div>\n\n\n\n<figure class=\"wp-block-image aligncenter size-full is-resized\"><img loading=\"lazy\" decoding=\"async\" width=\"166\" height=\"160\" src=\"https:\/\/missionsgemeinde.de\/wordpress\/wp-content\/uploads\/2021\/07\/10_Seelsorge_blau.png\" alt=\"Icon Seelsorge blau\" class=\"wp-image-686\" style=\"width:81px\"\/><\/figure>\n\n\n\n<p class=\"has-text-align-center\"><strong>Seelsorge<\/strong><\/p>\n\n\n\n<p class=\"has-text-align-center\">Kontakt: Sylvia Scharpf<br><a href=\"mailto:sum@missionsgemeinde.de\">sum@missionsgemeinde.de<\/a><\/p>\n","protected":false},"excerpt":{"rendered":"<p>Ver\u00e4nderungen, Probleme, Krisen etc. fordern uns heute mehr denn je in allen Lebenslagen heraus. Unser Seelsorgeangebot unterst\u00fctzt unter anderem bei\u2026.\u2022 Glaubens- und Lebensfragen\u2022 Ehe- und Familienproblemen\u2022 \u00c4ngsten\u2022 Identit\u00e4tskrisen\u2022 Trauerprozessen\u2022 Ehevorbereitung und Ehebegleitung Ziel der Seelsorge ist es, Menschen zu helfen, wieder in ihre urspr\u00fcngliche Bestimmung zur\u00fcckzufinden: eine heile Beziehung zu Gott, zu sich selbst und [&hellip;]<\/p>\n","protected":false},"author":8,"featured_media":0,"parent":0,"menu_order":0,"comment_status":"closed","ping_status":"closed","template":"","meta":{"xn-wppe-expiration":[],"xn-wppe-expiration-action":[],"xn-wppe-expiration-prefix":[],"_eb_attr":"","footnotes":""},"class_list":["post-308","page","type-page","status-publish","hentry"],"_links":{"self":[{"href":"https:\/\/missionsgemeinde.de\/wordpress\/index.php?rest_route=\/wp\/v2\/pages\/308","targetHints":{"allow":["GET"]}}],"collection":[{"href":"https:\/\/missionsgemeinde.de\/wordpress\/index.php?rest_route=\/wp\/v2\/pages"}],"about":[{"href":"https:\/\/missionsgemeinde.de\/wordpress\/index.php?rest_route=\/wp\/v2\/types\/page"}],"author":[{"embeddable":true,"href":"https:\/\/missionsgemeinde.de\/wordpress\/index.php?rest_route=\/wp\/v2\/users\/8"}],"replies":[{"embeddable":true,"href":"https:\/\/missionsgemeinde.de\/wordpress\/index.php?rest_route=%2Fwp%2Fv2%2Fcomments&post=308"}],"version-history":[{"count":17,"href":"https:\/\/missionsgemeinde.de\/wordpress\/index.php?rest_route=\/wp\/v2\/pages\/308\/revisions"}],"predecessor-version":[{"id":2877,"href":"https:\/\/missionsgemeinde.de\/wordpress\/index.php?rest_route=\/wp\/v2\/pages\/308\/revisions\/2877"}],"wp:attachment":[{"href":"https:\/\/missionsgemeinde.de\/wordpress\/index.php?rest_route=%2Fwp%2Fv2%2Fmedia&parent=308"}],"curies":[{"name":"wp","href":"https:\/\/api.w.org\/{rel}","templated":true}]}}