{"id":1249,"date":"2022-05-13T12:08:31","date_gmt":"2022-05-13T11:08:31","guid":{"rendered":"https:\/\/webaccess.mgw4u.de\/wordpress\/?page_id=1249"},"modified":"2025-04-21T17:54:44","modified_gmt":"2025-04-21T15:54:44","slug":"israel-2","status":"publish","type":"page","link":"https:\/\/missionsgemeinde.de\/wordpress\/?page_id=1249","title":{"rendered":"Israel"},"content":{"rendered":"\n<div class=\"wp-block-columns is-layout-flex wp-container-core-columns-is-layout-28f84493 wp-block-columns-is-layout-flex\">\n<div class=\"wp-block-column is-layout-flow wp-block-column-is-layout-flow\">\n<div class=\"wp-block-columns is-layout-flex wp-container-core-columns-is-layout-28f84493 wp-block-columns-is-layout-flex\">\n<div class=\"wp-block-column is-layout-flow wp-block-column-is-layout-flow\">\n<p>Es ist uns als Missionsgemeinde wichtig, das erw\u00e4hlte Volk Gottes, die Juden und auch Israel, im Blick zu haben. Weil Jesus Christus und die ersten J\u00fcnger Teil des j\u00fcdischen Volkes waren und somit hier auch die Wurzeln unseres christlichen Glaubens liegen, wollen wir als Gemeinde ernst nehmen, dass wir &#8211; wie Paulus das in R\u00f6mer 11 formuliert &#8211; als &#8222;wilde \u00d6lzweige&#8220; in den edlen \u00d6lbaum eingepfopft wurden. In dem Bewu\u00dftsein (vgl. Epheser 2,14): &#8222;Denn er (Jesus) ist unser Friede, der aus beiden (Juden &amp; Heiden) eines gemacht hat und den Zaun abgebrochen hat, der dazwischen war, n\u00e4mlich die Feindschaft.&#8220;<\/p>\n<\/div>\n\n\n\n<div class=\"wp-block-column is-layout-flow wp-block-column-is-layout-flow\">\n<figure class=\"wp-block-image size-large is-resized\"><img loading=\"lazy\" decoding=\"async\" width=\"1024\" height=\"683\" src=\"https:\/\/missionsgemeinde.de\/wordpress\/wp-content\/uploads\/2022\/06\/jerusalem-g1c7f89f7f_1920-1024x683.jpg\" alt=\"Jerusalem\" class=\"wp-image-1488\" style=\"width:535px;height:357px\" srcset=\"https:\/\/missionsgemeinde.de\/wordpress\/wp-content\/uploads\/2022\/06\/jerusalem-g1c7f89f7f_1920-1024x683.jpg 1024w, https:\/\/missionsgemeinde.de\/wordpress\/wp-content\/uploads\/2022\/06\/jerusalem-g1c7f89f7f_1920-300x200.jpg 300w, https:\/\/missionsgemeinde.de\/wordpress\/wp-content\/uploads\/2022\/06\/jerusalem-g1c7f89f7f_1920-768x512.jpg 768w, https:\/\/missionsgemeinde.de\/wordpress\/wp-content\/uploads\/2022\/06\/jerusalem-g1c7f89f7f_1920-1536x1024.jpg 1536w, https:\/\/missionsgemeinde.de\/wordpress\/wp-content\/uploads\/2022\/06\/jerusalem-g1c7f89f7f_1920.jpg 1920w\" sizes=\"auto, (max-width: 1024px) 100vw, 1024px\" \/><\/figure>\n<\/div>\n<\/div>\n<\/div>\n<\/div>\n\n\n\n<div class=\"wp-block-columns is-layout-flex wp-container-core-columns-is-layout-28f84493 wp-block-columns-is-layout-flex\">\n<div class=\"wp-block-column is-layout-flow wp-block-column-is-layout-flow\">\n<figure class=\"wp-block-image size-large\"><img loading=\"lazy\" decoding=\"async\" width=\"1024\" height=\"768\" src=\"https:\/\/missionsgemeinde.de\/wordpress\/wp-content\/uploads\/2022\/06\/pray-gf6873fb8f_1920-1024x768.jpg\" alt=\"Pray for the peace of Jerusalem\" class=\"wp-image-1490\" srcset=\"https:\/\/missionsgemeinde.de\/wordpress\/wp-content\/uploads\/2022\/06\/pray-gf6873fb8f_1920-1024x768.jpg 1024w, https:\/\/missionsgemeinde.de\/wordpress\/wp-content\/uploads\/2022\/06\/pray-gf6873fb8f_1920-300x225.jpg 300w, https:\/\/missionsgemeinde.de\/wordpress\/wp-content\/uploads\/2022\/06\/pray-gf6873fb8f_1920-768x576.jpg 768w, https:\/\/missionsgemeinde.de\/wordpress\/wp-content\/uploads\/2022\/06\/pray-gf6873fb8f_1920-1536x1152.jpg 1536w, https:\/\/missionsgemeinde.de\/wordpress\/wp-content\/uploads\/2022\/06\/pray-gf6873fb8f_1920.jpg 1920w\" sizes=\"auto, (max-width: 1024px) 100vw, 1024px\" \/><\/figure>\n<\/div>\n\n\n\n<div class=\"wp-block-column is-layout-flow wp-block-column-is-layout-flow\">\n<p>Neben Kontakten zu Israelwerken wie z.B. dem <strong><a href=\"https:\/\/www.philippus-dienst.de\" target=\"_blank\" rel=\"noreferrer noopener\"><mark style=\"background-color:rgba(0, 0, 0, 0)\" class=\"has-inline-color has-accent-3-color\">&#8222;Philippusdienst&#8220;,<\/mark><\/a><mark style=\"background-color:rgba(0, 0, 0, 0)\" class=\"has-inline-color has-vivid-cyan-blue-color\"> <\/mark><a href=\"https:\/\/www.edi-online.de\/\" target=\"_blank\" rel=\"noreferrer noopener\"><mark style=\"background-color:rgba(0, 0, 0, 0)\" class=\"has-inline-color has-accent-3-color\">&#8222;EDI&#8220;,<\/mark><\/a><mark style=\"background-color:rgba(0, 0, 0, 0)\" class=\"has-inline-color has-vivid-cyan-blue-color\"> <\/mark><a href=\"https:\/\/de.icej.org\/\" target=\"_blank\" rel=\"noreferrer noopener\"><mark style=\"background-color:rgba(0, 0, 0, 0)\" class=\"has-inline-color has-accent-3-color\">&#8222;ICEJ&#8220;<\/mark><\/a><\/strong> oder <a href=\"https:\/\/www.beitsarshalom.org\/\" target=\"_blank\" rel=\"noreferrer noopener\"><mark style=\"background-color:rgba(0, 0, 0, 0)\" class=\"has-inline-color has-accent-3-color\"><strong>&#8222;Beit Sar Shalom&#8220;<\/strong><\/mark><\/a> pflegen wir pers\u00f6nliche Kontakte zu Evan Thomas und der Gemeinde <a href=\"https:\/\/beit-asaph.org.il\/\" target=\"_blank\" rel=\"noreferrer noopener\"><strong><mark style=\"background-color:rgba(0, 0, 0, 0)\" class=\"has-inline-color has-accent-3-color\">&#8222;Beit Asaph&#8220;<\/mark><\/strong><\/a> in Netanyah, sowie zu Anatoli Uschomirski (&#8222;EDI&#8220;) und Wolfgang Wangler (<a href=\"https:\/\/www.imbrennpunkt.net\" target=\"_blank\" rel=\"noreferrer noopener\"><strong><mark style=\"background-color:rgba(0, 0, 0, 0)\" class=\"has-inline-color has-accent-3-color\">&#8222;Im Brennpunkt e.V.&#8220;<\/mark><\/strong><\/a>), die auch immer wieder Predigt- und Vortragsdienste bei uns wahrnehmen.<\/p>\n\n\n\n<p>Auch die Vers\u00f6hnungsinitiativen <a href=\"https:\/\/www.philippus-dienst.de\/yad-b-yad-1\" target=\"_blank\" rel=\"noreferrer noopener\"><strong><mark style=\"background-color:rgba(0, 0, 0, 0)\" class=\"has-inline-color has-accent-3-color\">&#8222;Yad b&#8217;Yad&#8220;<\/mark><\/strong><\/a> und <a href=\"https:\/\/musalaha.org\/\" target=\"_blank\" rel=\"noreferrer noopener\"><strong><mark style=\"background-color:rgba(0, 0, 0, 0)\" class=\"has-inline-color has-accent-3-color\">&#8222;Musalaha&#8220;<\/mark><\/strong><\/a> liegen uns auf dem Herzen und durften wir bereits vor Ort durchf\u00fchren, bzw. in Israel kennenlernen\/besuchen.<br><\/p>\n\n\n\n<p>Diese Freundschaft mit Israel spiegelt sich auch in Gottesdiensten, einem Israelgebetskreis, Israelreisen und anderem mehr wieder.<\/p>\n\n\n\n<p>Schalom!<\/p>\n<\/div>\n<\/div>\n\n\n\n<div style=\"height:100px\" aria-hidden=\"true\" class=\"wp-block-spacer\"><\/div>\n\n\n\n<p class=\"has-text-align-center\"><\/p>\n\n\n\n<figure class=\"wp-block-image aligncenter size-full is-resized\"><img loading=\"lazy\" decoding=\"async\" width=\"166\" height=\"166\" src=\"https:\/\/missionsgemeinde.de\/wordpress\/wp-content\/uploads\/2021\/07\/8_Israel-Arbeitskreis_blau.png\" alt=\"Icon Israel blau\" class=\"wp-image-684\" style=\"width:81px;height:81px\" srcset=\"https:\/\/missionsgemeinde.de\/wordpress\/wp-content\/uploads\/2021\/07\/8_Israel-Arbeitskreis_blau.png 166w, https:\/\/missionsgemeinde.de\/wordpress\/wp-content\/uploads\/2021\/07\/8_Israel-Arbeitskreis_blau-150x150.png 150w, https:\/\/missionsgemeinde.de\/wordpress\/wp-content\/uploads\/2021\/07\/8_Israel-Arbeitskreis_blau-144x144.png 144w\" sizes=\"auto, (max-width: 166px) 100vw, 166px\" \/><\/figure>\n\n\n\n<p class=\"has-text-align-center\">Kontakt: Gemeindeb\u00fcro<br>Tel.: 07151 609851<br><a href=\"mailto:buero@missionsgemeinde.de\">buero@missionsgemeinde.de<\/a><\/p>\n","protected":false},"excerpt":{"rendered":"<p>Es ist uns als Missionsgemeinde wichtig, das erw\u00e4hlte Volk Gottes, die Juden und auch Israel, im Blick zu haben. Weil Jesus Christus und die ersten J\u00fcnger Teil des j\u00fcdischen Volkes waren und somit hier auch die Wurzeln unseres christlichen Glaubens liegen, wollen wir als Gemeinde ernst nehmen, dass wir &#8211; wie Paulus das in R\u00f6mer [&hellip;]<\/p>\n","protected":false},"author":11,"featured_media":0,"parent":0,"menu_order":0,"comment_status":"closed","ping_status":"closed","template":"","meta":{"xn-wppe-expiration":[],"xn-wppe-expiration-action":[],"xn-wppe-expiration-prefix":[],"_eb_attr":"","footnotes":""},"class_list":["post-1249","page","type-page","status-publish","hentry"],"_links":{"self":[{"href":"https:\/\/missionsgemeinde.de\/wordpress\/index.php?rest_route=\/wp\/v2\/pages\/1249","targetHints":{"allow":["GET"]}}],"collection":[{"href":"https:\/\/missionsgemeinde.de\/wordpress\/index.php?rest_route=\/wp\/v2\/pages"}],"about":[{"href":"https:\/\/missionsgemeinde.de\/wordpress\/index.php?rest_route=\/wp\/v2\/types\/page"}],"author":[{"embeddable":true,"href":"https:\/\/missionsgemeinde.de\/wordpress\/index.php?rest_route=\/wp\/v2\/users\/11"}],"replies":[{"embeddable":true,"href":"https:\/\/missionsgemeinde.de\/wordpress\/index.php?rest_route=%2Fwp%2Fv2%2Fcomments&post=1249"}],"version-history":[{"count":17,"href":"https:\/\/missionsgemeinde.de\/wordpress\/index.php?rest_route=\/wp\/v2\/pages\/1249\/revisions"}],"predecessor-version":[{"id":2880,"href":"https:\/\/missionsgemeinde.de\/wordpress\/index.php?rest_route=\/wp\/v2\/pages\/1249\/revisions\/2880"}],"wp:attachment":[{"href":"https:\/\/missionsgemeinde.de\/wordpress\/index.php?rest_route=%2Fwp%2Fv2%2Fmedia&parent=1249"}],"curies":[{"name":"wp","href":"https:\/\/api.w.org\/{rel}","templated":true}]}}

<div class="wp-block-columns is-layout-flex wp-container-core-columns-is-layout-28f84493 wp-block-columns-is-layout-flex">
<div class="wp-block-column is-layout-flow wp-block-column-is-layout-flow">
<div class="wp-block-columns is-layout-flex wp-container-core-columns-is-layout-28f84493 wp-block-columns-is-layout-flex">
<div class="wp-block-column is-layout-flow wp-block-column-is-layout-flow">
<p>Es ist uns als Missionsgemeinde wichtig, das erwählte Volk Gottes, die Juden und auch Israel, im Blick zu haben. Weil Jesus Christus und die ersten Jünger Teil des jüdischen Volkes waren und somit hier auch die Wurzeln unseres christlichen Glaubens liegen, wollen wir als Gemeinde ernst nehmen, dass wir &#8211; wie Paulus das in Römer 11 formuliert &#8211; als &#8222;wilde Ölzweige&#8220; in den edlen Ölbaum eingepfopft wurden. In dem Bewußtsein (vgl. Epheser 2,14): &#8222;Denn er (Jesus) ist unser Friede, der aus beiden (Juden &amp; Heiden) eines gemacht hat und den Zaun abgebrochen hat, der dazwischen war, nämlich die Feindschaft.&#8220;</p>
</div>



<div class="wp-block-column is-layout-flow wp-block-column-is-layout-flow">
<figure class="wp-block-image size-large is-resized"><img loading="lazy" decoding="async" width="1024" height="683" src="https://missionsgemeinde.de/wordpress/wp-content/uploads/2022/06/jerusalem-g1c7f89f7f_1920-1024x683.jpg" alt="Jerusalem" class="wp-image-1488" style="width:535px;height:357px" srcset="https://missionsgemeinde.de/wordpress/wp-content/uploads/2022/06/jerusalem-g1c7f89f7f_1920-1024x683.jpg 1024w, https://missionsgemeinde.de/wordpress/wp-content/uploads/2022/06/jerusalem-g1c7f89f7f_1920-300x200.jpg 300w, https://missionsgemeinde.de/wordpress/wp-content/uploads/2022/06/jerusalem-g1c7f89f7f_1920-768x512.jpg 768w, https://missionsgemeinde.de/wordpress/wp-content/uploads/2022/06/jerusalem-g1c7f89f7f_1920-1536x1024.jpg 1536w, https://missionsgemeinde.de/wordpress/wp-content/uploads/2022/06/jerusalem-g1c7f89f7f_1920.jpg 1920w" sizes="auto, (max-width: 1024px) 100vw, 1024px" /></figure>
</div>
</div>
</div>
</div>



<div class="wp-block-columns is-layout-flex wp-container-core-columns-is-layout-28f84493 wp-block-columns-is-layout-flex">
<div class="wp-block-column is-layout-flow wp-block-column-is-layout-flow">
<figure class="wp-block-image size-large"><img loading="lazy" decoding="async" width="1024" height="768" src="https://missionsgemeinde.de/wordpress/wp-content/uploads/2022/06/pray-gf6873fb8f_1920-1024x768.jpg" alt="Pray for the peace of Jerusalem" class="wp-image-1490" srcset="https://missionsgemeinde.de/wordpress/wp-content/uploads/2022/06/pray-gf6873fb8f_1920-1024x768.jpg 1024w, https://missionsgemeinde.de/wordpress/wp-content/uploads/2022/06/pray-gf6873fb8f_1920-300x225.jpg 300w, https://missionsgemeinde.de/wordpress/wp-content/uploads/2022/06/pray-gf6873fb8f_1920-768x576.jpg 768w, https://missionsgemeinde.de/wordpress/wp-content/uploads/2022/06/pray-gf6873fb8f_1920-1536x1152.jpg 1536w, https://missionsgemeinde.de/wordpress/wp-content/uploads/2022/06/pray-gf6873fb8f_1920.jpg 1920w" sizes="auto, (max-width: 1024px) 100vw, 1024px" /></figure>
</div>



<div class="wp-block-column is-layout-flow wp-block-column-is-layout-flow">
<p>Neben Kontakten zu Israelwerken wie z.B. dem <strong><a href="https://www.philippus-dienst.de" target="_blank" rel="noreferrer noopener"><mark style="background-color:rgba(0, 0, 0, 0)" class="has-inline-color has-accent-3-color">&#8222;Philippusdienst&#8220;,</mark></a><mark style="background-color:rgba(0, 0, 0, 0)" class="has-inline-color has-vivid-cyan-blue-color"> </mark><a href="https://www.edi-online.de/" target="_blank" rel="noreferrer noopener"><mark style="background-color:rgba(0, 0, 0, 0)" class="has-inline-color has-accent-3-color">&#8222;EDI&#8220;,</mark></a><mark style="background-color:rgba(0, 0, 0, 0)" class="has-inline-color has-vivid-cyan-blue-color"> </mark><a href="https://de.icej.org/" target="_blank" rel="noreferrer noopener"><mark style="background-color:rgba(0, 0, 0, 0)" class="has-inline-color has-accent-3-color">&#8222;ICEJ&#8220;</mark></a></strong> oder <a href="https://www.beitsarshalom.org/" target="_blank" rel="noreferrer noopener"><mark style="background-color:rgba(0, 0, 0, 0)" class="has-inline-color has-accent-3-color"><strong>&#8222;Beit Sar Shalom&#8220;</strong></mark></a> pflegen wir persönliche Kontakte zu Evan Thomas und der Gemeinde <a href="https://beit-asaph.org.il/" target="_blank" rel="noreferrer noopener"><strong><mark style="background-color:rgba(0, 0, 0, 0)" class="has-inline-color has-accent-3-color">&#8222;Beit Asaph&#8220;</mark></strong></a> in Netanyah, sowie zu Anatoli Uschomirski (&#8222;EDI&#8220;) und Wolfgang Wangler (<a href="https://www.imbrennpunkt.net" target="_blank" rel="noreferrer noopener"><strong><mark style="background-color:rgba(0, 0, 0, 0)" class="has-inline-color has-accent-3-color">&#8222;Im Brennpunkt e.V.&#8220;</mark></strong></a>), die auch immer wieder Predigt- und Vortragsdienste bei uns wahrnehmen.</p>



<p>Auch die Versöhnungsinitiativen <a href="https://www.philippus-dienst.de/yad-b-yad-1" target="_blank" rel="noreferrer noopener"><strong><mark style="background-color:rgba(0, 0, 0, 0)" class="has-inline-color has-accent-3-color">&#8222;Yad b&#8217;Yad&#8220;</mark></strong></a> und <a href="https://musalaha.org/" target="_blank" rel="noreferrer noopener"><strong><mark style="background-color:rgba(0, 0, 0, 0)" class="has-inline-color has-accent-3-color">&#8222;Musalaha&#8220;</mark></strong></a> liegen uns auf dem Herzen und durften wir bereits vor Ort durchführen, bzw. in Israel kennenlernen/besuchen.<br></p>



<p>Diese Freundschaft mit Israel spiegelt sich auch in Gottesdiensten, einem Israelgebetskreis, Israelreisen und anderem mehr wieder.</p>



<p>Schalom!</p>
</div>
</div>



<div style="height:100px" aria-hidden="true" class="wp-block-spacer"></div>



<p class="has-text-align-center"></p>



<figure class="wp-block-image aligncenter size-full is-resized"><img loading="lazy" decoding="async" width="166" height="166" src="https://missionsgemeinde.de/wordpress/wp-content/uploads/2021/07/8_Israel-Arbeitskreis_blau.png" alt="Icon Israel blau" class="wp-image-684" style="width:81px;height:81px" srcset="https://missionsgemeinde.de/wordpress/wp-content/uploads/2021/07/8_Israel-Arbeitskreis_blau.png 166w, https://missionsgemeinde.de/wordpress/wp-content/uploads/2021/07/8_Israel-Arbeitskreis_blau-150x150.png 150w, https://missionsgemeinde.de/wordpress/wp-content/uploads/2021/07/8_Israel-Arbeitskreis_blau-144x144.png 144w" sizes="auto, (max-width: 166px) 100vw, 166px" /></figure>



<p class="has-text-align-center">Kontakt: Gemeindebüro<br>Tel.: 07151 609851<br><a href="mailto:buero@missionsgemeinde.de">buero@missionsgemeinde.de</a></p>

<p>Es ist uns als Missionsgemeinde wichtig, das erwählte Volk Gottes, die Juden und auch Israel, im Blick zu haben. Weil Jesus Christus und die ersten Jünger Teil des jüdischen Volkes waren und somit hier auch die Wurzeln unseres christlichen Glaubens liegen, wollen wir als Gemeinde ernst nehmen, dass wir &#8211; wie Paulus das in Römer [&hellip;]</p>
